r when 241 is divided by q.
1
Let i(s) = s**3 + 5*s**2 - 13*s - 9. Let u be i(-6). Suppose -u + 1193 = 4*m. Suppose 4*g + g = m. What is the remainder when g is divided by 12?
10
Let i = 197 - 111. Let b = i - 83. What is the remainder when (-166)/(-4) - (-4)/(-8) is divided by b?
2
Suppose -p - 209*n + 213*n = -710, -1434 = -2*p + n. Calculate the remainder when p is divided by 117.
16
Suppose 7*p = 227 + 95. Suppose p*b = 19*b + 999. Calculate the remainder when 143 is divided by b.
32
Suppose -q = u - 540, -1724*q + 596 = -1723*q + 5*u. Let p(k) = 21*k**2 - k. Calculate the remainder when q is divided by p(-1).
20
Suppose k - 1 = -3*s, k = -4*k + s + 5. Suppose n - 107 = -5*t, -3*n - 43 = -4*t + 35. What is the remainder when (0 - 1)*k/(2/(-164)) is divided by t?
19
Suppose t - 5*t - m + 475 = 0, 0 = -5*m + 15. Let n(x) = 9*x - 137. Let p be n(-13). Let j = 271 + p. Calculate the remainder when t is divided by j.
16
Suppose 70*r = -h + 68*r + 19, -2*h - r + 26 = 0. Calculate the remainder when h is divided by (-1)/((1 + 2)/(-9)).
2
Let l be 375/55 - 6/(-33). Let w be 2 - (1 + 3 - l). Suppose w*b + t = 139, 4*t + 11 = 2*b - b. What is the remainder when 53 is divided by b?
26
Suppose -21*k + 282 = -18*k. Let o = -75 + k. Let t = -23 + 58. Calculate the remainder when t is divided by o.
16
Let x = -109 + 306. Suppose -3*p = -5*s - 2*p + 290, 3*s = -4*p + x. Calculate the remainder when s is divided by 21.
17
Suppose 5*q + a = 833, 5*q + 336 = 7*q - a. Calculate the remainder when q is divided by 14.
13
Let j = 1901 - 1888. Calculate the remainder when 168 is divided by j.
12
Let j = 58 + -51. Let n(d) be the first derivative of -2*d**2 - 11*d + 12. Calculate the remainder when j is divided by n(-4).
2
Let b(h) = -35*h - 4. Let w be b(9). Let y = w - -707. Calculate the remainder when 64 is divided by y/36 - (-2)/9.
9
Let b = 9845 + -5577. Suppose -25*w + b = -2682. Calculate the remainder when w is divided by 28.
26
Suppose -111*w = 9*w - 577116 + 200916. Calculate the remainder when w is divided by 28.
27
Let r = 10678 + -10461. Calculate the remainder when 31464 is divided by r.
216
Let g be (-235)/20*(1 - 5). Let i = 4 + -4. Suppose 5*o + 22 - g = i. Calculate the remainder when o is divided by 4.
1
Let a be 62/8 - 77/44. Let b(q) = 1 - 2*q**2 + 1 + q**2 + 11*q. Calculate the remainder when 93 is divided by b(a).
29
Suppose -2*v + 3540 = -3930. Calculate the remainder when v is divided by 89.
86
Suppose 7*j - 3*j = 2568. Let q(f) = f**3 - 37*f**2 - 74*f - 84. Calculate the remainder when q(39) is divided by j/22 - (-6)/(-33).
14
Calculate the remainder when 51 is divided by (3 - (-8)/((-48)/15))*(1 + 13).
2
Let a(v) be the first derivative of -v**3 - 20*v**2 + 9*v - 16. Let x = 13 + 26. What is the remainder when x is divided by a(-13)?
17
Let y = -57 - -79. Suppose -9*a + 292 - y = 0. Let w = -64 - -212. Calculate the remainder when w is divided by a.
28
Calculate the remainder when (-1506)/60*30/(-3) is divided by 40.
11
Let h(a) = 394*a + 2801. What is the remainder when 17456 is divided by h(-7)?
41
Let n(q) = q**2 + 2*q + 2. Let l = -11 - -14. Suppose -l*y = z - 49, -4*z + 2*y = -131 - 51. Calculate the remainder when z is divided by n(4).
20
Let v(m) = 9*m**3 - 5*m**2 + 32*m - 50. Calculate the remainder when 12076 is divided by v(2).
64
Let b = 464 - 459. Let l(r) = 6*r**2 - 14*r - 31. Calculate the remainder when l(b) is divided by 25.
24
Let k(r) = 11 + 13 - 6 - 1 + 6*r + 1. Suppose 5*f - 35 = 15. Calculate the remainder when k(f) is divided by 27.
24
Let p(z) = -4*z**3 - 3*z**2 + 3*z + 4. Let t be p(-1). Suppose 0*a + 5*a - 22 = -3*r, 11 = r - t*a. What is the remainder when 170 is divided by r?
8
Suppose a + 323 - 464 = 4*c, c - 696 = -6*a. Calculate the remainder when 1636 is divided by a.
115
What is the remainder when ((-1)/(8/8040))/(-1) is divided by 19?
17
Let p = 15755 - 15742. Calculate the remainder when 7888 is divided by p.
10
Calculate the remainder when 449 is divided by (-1 + (-3)/(-2))/((-209)/(-20482)).
8
Let a = -14 + 14. Let j(b) = 6*b**2 + 13 + a*b**2 - 22. What is the remainder when j(4) is divided by 30?
27
Suppose 30*i - 10886 = 4504. Calculate the remainder when i is divided by 40.
33
Let n = -9 + 24. Let o = 3 + n. Suppose 3*p + 19 = a, 6*p - 16 = 10*p. What is the remainder when o is divided by a?
4
Suppose 26*y - 12*y = 98. Let r(a) = a**2 - 32*a + 181. Calculate the remainder when 15 is divided by r(y).
3
Let u be -35*1*(-3)/21. Suppose 5*m = -u*j + 40, -5 = 4*j - 5*m + 8. What is the remainder when 46 is divided by j?
1
Calculate the remainder when 378 is divided by (-6 + (-117)/(-27))/((-10)/348).
30
Suppose 32*c - 3333 = 21*c. Let z = -229 + c. What is the remainder when 368 is divided by z?
72
Let l = 277 + -207. Let y be 2/(10/(-115)*-1). Let t = y - 11. Calculate the remainder when l is divided by t.
10
Let k(l) = 20*l + 2224. Let a = 63 - 34. What is the remainder when k(-106) is divided by a?
17
Let i = 14 - 6. Let a = -30874 + 30975. Calculate the remainder when a is divided by i.
5
Suppose c + 60 = 420. Let z = -12263 - -12354. What is the remainder when c is divided by z?
87
Let s = 10573 - 10314. What is the remainder when 7769 is divided by s?
258
Suppose -3*w - 2*p + 36 = -5*w, 3*w = -2*p - 34. Let v = w + 107. Calculate the remainder when v is divided by 32.
29
Let f be 513/(-99) + (-4)/(-22). What is the remainder when 1 + (0 - 2) - -15 is divided by f + 7/(14/30)?
4
Let k(u) = -2*u**2 + 4*u - 4. Let v be k(4). Let j = 37 + v. Suppose i + o - 50 = 0, -2*i + 2*o + 88 + 4 = 0. Calculate the remainder when i is divided by j.
14
Suppose 0 = 2*h - 5*k - 1121, -313 - 1803 = -4*h - 4*k. Calculate the remainder when 3254 is divided by h.
26
Let d(j) = j**2 + j + 2. Let t(k) = -k**2 - 23*k - 24. Let p(r) = -2*d(r) - t(r). Calculate the remainder when p(6) is divided by 24.
14
Let t(r) = r - 5. Let g be t(6). Calculate the remainder when 12 - (1 + 1) - g is divided by 10 + (-10)/((-16 + 4)/(-6)).
4
Let g(l) = 15*l**2 - 336*l + 224. Calculate the remainder when g(28) is divided by 287.
280
Suppose s - 2*a + 5 = 19, 0 = -4*s - 3*a + 78. Suppose 0 = 23*o - 419 - s. What is the remainder when 37 is divided by o?
18
Suppose -255 = -10*y + 9*y. Let u = y + -180. What is the remainder when u is divided by 13?
10
Suppose -6*s = -2*j - s + 140, 0 = 4*s + 16. Suppose -14*l + 12*l + 62 = -4*v, 77 = -5*v + 3*l. Let d = 5 - v. What is the remainder when j is divided by d?
18
Let y(t) = -t**2 - 6*t + 3. Let x be y(-5). Suppose 720 = 4*h + x*h. Calculate the remainder when h is divided by 31.
29
Let k = 12 - -1. Suppose -u = -o - k, -3 = u + 4*o - 26. What is the remainder when 28 is divided by u?
13
Let f(r) = r + 4. Let y be f(0). Calculate the remainder when 67 is divided by 2/((-564)/(-138) - y).
21
Let r(g) be the second derivative of g**4/12 - g**3/2 - 13*g**2/2 - 28*g. What is the remainder when 16 is divided by r(-3)?
1
What is the remainder when ((-249)/4)/(231/(-308)) is divided by 13?
5
Let f(a) = -a**2. Let d be f(0). Let q be 4*-1 + -2 + 9 + -4. What is the remainder when 10 is divided by (d - q) + 21/3?
2
Suppose 0 = -j - 3*j + 36. Let v = -23425 + 23586. Calculate the remainder when v is divided by j.
8
Suppose 0 = -6*p + 5 + 67. Suppose -p*c = -c - 660. Let o = 17 + c. What is the remainder when o is divided by 13?
12
Suppose -18*h = -7*h - 2475. Suppose 17*o - h = 12*o. What is the remainder when 177 is divided by o?
42
Let b(c) = 42*c**2 - 4*c - 2. Let f be b(-2). Let m = 279 - f. What is the remainder when (16/(-5))/((-14)/m) is divided by 10?
4
Suppose 60 = v - 4*t, 55*v = 51*v - 4*t + 180. Calculate the remainder when 703 is divided by v.
31
Let j(s) = -21*s - 120. Let a = -38 + 29. Let c = a + 19. Calculate the remainder when c is divided by j(-6).
4
Suppose -40*p - 2*t = -43*p + 40, 0 = -2*p + 5*t + 45. Suppose 3*y = 2*u - 4*u + 108, -4*y - 3*u + 143 = 0. Calculate the remainder when y is divided by p.
8
Let a(w) = 2*w**2 - 23*w + 42. Let u(c) = -43*c - 8. What is the remainder when u(-3) is divided by a(11)?
28
Suppose -2*a - 60 = 4*s, -a + s + 13 - 52 = 0. Let b be ((-7)/14)/((-1)/(118*1)). Let t = b + a. What is the remainder when 68 is divided by t?
22
Suppose 7*d - 192 = 3*d. Su